is the millions digit of 3494487?
3
What is the tens digit of 101654?
5
What is the millions digit of 8067546?
8
What is the tens digit of 316161?
6
What is the ten thousands digit of 2686976?
8
What is the thousands digit of 466169?
6
What is the tens digit of 1386352?
5
What is the units digit of 2243300?
0
What is the hundreds digit of 335281?
2
What is the hundred thousands digit of 519427?
5
What is the ten thousands digit of 146301?
4
What is the ten millions digit of 21002998?
2
What is the hundreds digit of 22169363?
3
What is the units digit of 875396?
6
What is the millions digit of 4866238?
4
What is the units digit of 2820923?
3
What is the tens digit of 149488?
8
What is the hundred thousands digit of 651785?
6
What is the tens digit of 3826351?
5
What is the hundreds digit of 76528?
5
What is the thousands digit of 28554211?
4
What is the units digit of 986910?
0
What is the hundred thousands digit of 5642149?
6
What is the tens digit of 913114?
1
What is the tens digit of 827261?
6
What is the tens digit of 22294281?
8
What is the ten thousands digit of 965361?
6
What is the hundreds digit of 1286451?
4
What is the hundreds digit of 734627?
6
What is the ten thousands digit of 1392394?
9
What is the units digit of 4001179?
9
What is the thousands digit of 179219?
9
What is the hundreds digit of 137457?
4
What is the units digit of 590510?
0
What is the millions digit of 3875882?
3
What is the units digit of 251690?
0
What is the hundred thousands digit of 566595?
5
What is the ten millions digit of 14078359?
1
What is the tens digit of 508565?
6
What is the hundreds digit of 5437399?
3
What is the units digit of 773619?
9
What is the millions digit of 1759524?
1
What is the ten thousands digit of 1385397?
8
What is the ten thousands digit of 669765?
6
What is the millions digit of 2560908?
2
What is the ten thousands digit of 979221?
7
What is the millions digit of 8015165?
8
What is the tens digit of 3137280?
8
What is the ten thousands digit of 63379?
6
What is the tens digit of 141381?
8
What is the tens digit of 773334?
3
What is the hundreds digit of 330214?
2
What is the hundred thousands digit of 1326131?
3
What is the ten thousands digit of 69772?
6
What is the hundred thousands digit of 1630032?
6
What is the millions digit of 7637928?
7
What is the ten thousands digit of 762595?
6
What is the hundred thousands digit of 619773?
6
What is the hundred thousands digit of 14894690?
8
What is the thousands digit of 3530335?
0
What is the tens digit of 948466?
6
What is the hundred thousands digit of 225463?
2
What is the ten thousands digit of 174549?
7
What is the ten thousands digit of 2177135?
7
What is the ten thousands digit of 70159?
7
What is the hundred thousands digit of 348463?
3
What is the hundreds digit of 7343?
3
What is the units digit of 100665?
5
What is the millions digit of 1052122?
1
What is the thousands digit of 16389133?
9
What is the hundreds digit of 352062?
0
What is the hundreds digit of 267233?
2
What is the thousands digit of 437226?
7
What is the millions digit of 31790612?
1
What is the hundred thousands digit of 147694?
1
What is the hundred thousands digit of 309613?
3
What is the thousands digit of 529242?
9
What is the ten thousands digit of 470177?
7
What is the thousands digit of 17507216?
7
What is the thousands digit of 156525?
6
What is the ten thousands digit of 5968839?
6
What is the ten thousands digit of 3895743?
9
What is the tens digit of 16535798?
9
What is the ten thousands digit of 7174486?
7
What is the ten thousands digit of 626673?
2
What is the hundred thousands digit of 1041607?
0
What is the hundreds digit of 1762866?
8
What is the hundreds digit of 2319088?
0
What is the tens digit of 1587159?
5
What is the millions digit of 1589360?
1
What is the tens digit of 1130560?
6
What is the hundreds digit of 408644?
6
What is the ten thousands digit of 269004?
6
What is the hundreds digit of 306773?
7
What is the millions digit of 11095942?
1
What is the tens digit of 167795?
9
What is the units digit of 2263889?
9
What is the units digit of 1314994?
4
What is the units digit of 26647331?
1
What is the units digit of 376860?
0
What is the hundred thousands digit of 16816576?
8
What is the thousands digit of 10715045?
5
What is the hundred thousands digit of 17083714?
0
What is the hundred thousands digit of 1212991?
2
What is the hundred thousands digit of 3153936?
1
What is the hundreds digit of 9686645?
6
What is the ten thousands digit of 21092524?
9
What is the units digit of 1145532?
2
What is the ten thousands digit of 785695?
8
What is the ten thousands digit of 242089?
4
What is the hundred thousands digit of 2130699?
1
What is the hundreds digit of 795713?
7
What is the units digit of 218865?
5
What is the ten thousands digit of 207582?
0
What is the hundred thousands digit of 4502617?
5
What is the hundred thousands digit of 212616?
2
What is the ten millions digit of 10843063?
1
What is the units digit of 35845?
5
What is the hundred thousands digit of 123224?
1
What is the millions digit of 2529242?
2
What is the hundred thousands digit of 5850051?
8
What is the units digit of 15862971?
1
What is the ten thousands digit of 189645?
8
What is the ten thousands digit of 510930?
1
What is the tens digit of 22864671?
7
What is the hundred thousands digit of 726532?
7
What is the hundreds digit of 3829553?
5
What is the units digit of 971473?
3
What is the units digit of 3153046?
6
What is the millions digit of 4199958?
4
What is the units digit of 675339?
9
What is the ten thousands digit of 8526806?
2
What is the thousands digit of 1681845?
1
What is the hundreds digit of 319608?
6
What is the hundred thousands digit of 182226?
1
What is the millions digit of 1173610?
1
What is the ten thousands digit of 653130?
5
What is the units digit of 686231?
1
What is the ten thousands digit of 541508?
4
What is the millions digit of 15521243?
5
What is the hundred thousands digit of 22182087?
1
What is the units digit of 4502941?
1
What is the units digit of 584460?
0
What is the units digit of 1709821?
1
What is the hundreds digit of 187064?
0
What is the ten thousands digit of 48768?
4
What is the units digit of 500720?
0
What is the units digit of 30167938?
8
What is the hundred thousands digit of 633267?
6
What is the thousands digit of 26517?
6
What is the thousands digit of 283854?
3
What is the units digit of 928916?
6
What is the ten thousands digit of 63267?
6
What is the ten thousands digit of 584098?
8
What is the tens digit of 261668?
6
What is the hundred thousands digit of 251207?
2
What is the units digit of 17570506?
6
What is the tens digit of 1282549?
4
What is the units digit of 10962?
2
What is the ten thousands digit of 236331?
3
What is the ten thousands digit of 1549227?
4
What is the units digit of 605224?
4
What is the hundred thousands digit of 144644?
1
What is the hundreds digit of 192984?
9
What is the units digit of 4095097?
7
What is the units digit of 1135832?
2
What is the thousands digit of 28881?
8
What is the hundred thousands digit of 287446?
2
What is the hundreds digit of 124222?
2
What is the tens digit of 137402?
0
What is the units digit of 2708625?
5
What is the hundred thousands digit of 2382964?
3
What is the hundred thousands digit of 791369?
7
What is the ten millions digit of 14066874?
1
What is the hundred thousands digit of 1416833?
4
What is the ten thousands digit of 180921?
8
What is the ten thousands digit of 11905375?
0
What is the hundred thousands digit of 1154023?
1
What is the units digit of 18606?
6
What is the units digit of 371?
1
What is the hundred thousands digit of 312125?
3
What is the ten thousands digit of 2319136?
1
What is the tens digit of 324160?
6
What is the units digit of 2222501?
1
What is the thousands digit of 16262683?
2
What is the hundreds digit of 201328?
3
What is the tens digit of 6393473?
7
What is the hundred thousands digit of 931730?
9
What is the millions digit of 6931934?
6
What is the hundred thousands digit of 137733?
1
What is the ten thousands digit of 23141820?
4
What is the hundreds digit of 1652606?
6
What is the ten thousands digit of 3637603?
3
What is the ten thousands digi